{"id":29,"date":"2011-09-02T12:28:50","date_gmt":"2011-09-02T12:28:50","guid":{"rendered":"http:\/\/mg-stsilvester.lexe.ch\/?page_id=29"},"modified":"2026-02-22T12:37:54","modified_gmt":"2026-02-22T12:37:54","slug":"vorstand","status":"publish","type":"page","link":"http:\/\/www.mg-stsilvester.ch\/?page_id=29","title":{"rendered":"Vorstand"},"content":{"rendered":"<p>&nbsp;<\/p>\n<p>Unser Vorstand konstituiert sich wie folgt:<\/p>\n<table style=\"height: 196px;\" width=\"666\">\n<tbody>\n<tr>\n<td width=\"177\">Pr\u00e4sident:<\/td>\n<td width=\"180\">Vonlanthen Adrian<\/td>\n<td width=\"205\">079 377 58 26<\/td>\n<\/tr>\n<tr>\n<td width=\"177\">Vize-Pr\u00e4sident:<\/td>\n<td width=\"180\">Vonlanthen Mario<\/td>\n<td width=\"205\">079 465 76 75<\/td>\n<\/tr>\n<tr>\n<td width=\"177\">Kassiererin:<\/td>\n<td width=\"180\">B\u00fcrki \u2013 Kolly Sonja<\/td>\n<td width=\"205\">079 518 72 34<\/td>\n<\/tr>\n<tr>\n<td width=\"177\">Sekret\u00e4rin:<\/td>\n<td width=\"180\">Rumo Karin<\/td>\n<td width=\"205\">079 799 08 17<\/td>\n<\/tr>\n<tr>\n<td width=\"177\">Beisitzer:<\/td>\n<td width=\"180\">Guisolan C\u00e9line<\/td>\n<td width=\"205\">079 289 09 65<\/td>\n<\/tr>\n<tr>\n<td width=\"177\"><\/td>\n<td width=\"180\"><\/td>\n<td width=\"205\"><\/td>\n<\/tr>\n<\/tbody>\n<\/table>\n","protected":false},"excerpt":{"rendered":"<p>&nbsp; Unser Vorstand konstituiert sich wie folgt: Pr\u00e4sident: Vonlanthen Adrian 079 377 58 26 Vize-Pr\u00e4sident: Vonlanthen Mario 079 465 76 75 Kassiererin: B\u00fcrki \u2013 Kolly Sonja 079 518 72 34 Sekret\u00e4rin: Rumo Karin 079 799 08 17 Beisitzer: Guisolan C\u00e9line &hellip; <a href=\"http:\/\/www.mg-stsilvester.ch\/?page_id=29\">Weiterlesen <span class=\"meta-nav\">&rarr;<\/span><\/a><\/p>\n","protected":false},"author":1,"featured_media":0,"parent":26,"menu_order":30,"comment_status":"open","ping_status":"closed","template":"","meta":{"footnotes":""},"class_list":["post-29","page","type-page","status-publish","hentry"],"_links":{"self":[{"href":"http:\/\/www.mg-stsilvester.ch\/index.php?rest_route=\/wp\/v2\/pages\/29","targetHints":{"allow":["GET"]}}],"collection":[{"href":"http:\/\/www.mg-stsilvester.ch\/index.php?rest_route=\/wp\/v2\/pages"}],"about":[{"href":"http:\/\/www.mg-stsilvester.ch\/index.php?rest_route=\/wp\/v2\/types\/page"}],"author":[{"embeddable":true,"href":"http:\/\/www.mg-stsilvester.ch\/index.php?rest_route=\/wp\/v2\/users\/1"}],"replies":[{"embeddable":true,"href":"http:\/\/www.mg-stsilvester.ch\/index.php?rest_route=%2Fwp%2Fv2%2Fcomments&post=29"}],"version-history":[{"count":52,"href":"http:\/\/www.mg-stsilvester.ch\/index.php?rest_route=\/wp\/v2\/pages\/29\/revisions"}],"predecessor-version":[{"id":920,"href":"http:\/\/www.mg-stsilvester.ch\/index.php?rest_route=\/wp\/v2\/pages\/29\/revisions\/920"}],"up":[{"embeddable":true,"href":"http:\/\/www.mg-stsilvester.ch\/index.php?rest_route=\/wp\/v2\/pages\/26"}],"wp:attachment":[{"href":"http:\/\/www.mg-stsilvester.ch\/index.php?rest_route=%2Fwp%2Fv2%2Fmedia&parent=29"}],"curies":[{"name":"wp","href":"https:\/\/api.w.org\/{rel}","templated":true}]}}