{"id":67,"date":"2011-09-02T12:35:31","date_gmt":"2011-09-02T12:35:31","guid":{"rendered":"http:\/\/mg-stsilvester.lexe.ch\/?page_id=67"},"modified":"2021-12-10T13:23:17","modified_gmt":"2021-12-10T13:23:17","slug":"ausbildung","status":"publish","type":"page","link":"http:\/\/www.mg-stsilvester.ch\/?page_id=67","title":{"rendered":"Ausbildung"},"content":{"rendered":"<p>Ohne Jugend kann unsere Musikgesellschaft l\u00e4ngerfristig nicht \u00fcberleben. Deshalb sind wir st\u00e4ndig auf der Suche nach Nachwuchs.<\/p>\n<p>Wenn Sie oder Ihr Kind Interesse haben, ein Instrument zu erlernen, nehmen Sie doch bitte Kontakt mit unserem Pr\u00e4sidenten oder Jugendmusikverantwortlichen&nbsp; auf:<\/p>\n<p>Adrian Vonlanthen, Tel:&nbsp; 079 \/ 377 58 26<\/p>\n<p>Simon Vonlanthen , Tel: 079 \/ 462 37 89<\/p>\n<p>&nbsp;<\/p>\n<p>Die Ausbildung beginnt nach M\u00f6glichkeit intern. Das heisst, das Kind wird von Aktivmitgliedern der Musikgesellschaft ausgebildet. Sobald gen\u00fcgend K\u00f6nnen vorhanden ist, besteht die M\u00f6glichkeit, ans Konservatorium Freiburg zu wechseln.<\/p>\n<p>Der Konsiunterricht findet in der Regel nicht in Freiburg statt. Je nach Instrument und Lehrer wird der Unterricht in verschiedenen D\u00f6rfern angeboten (z.B. OS Plaffeien).<\/p>\n<p>Der Unterricht am Konsi ist in verschiedene Stufen unterteilt. Jeweils nach 3 Jahren erfolgt der \u00dcbertritt in die n\u00e4chsth\u00f6here Stufe. Dieser \u00dcbertritt erfolgt mittels einer Pr\u00fcfung.<\/p>\n<p>Nach ca. 1-2 Jahren Unterricht steht der Eintritt in die Jugendmusik und nach ca. 3-4 Jahren in die Musikgesellschaft an.<\/p>\n<p>Das ben\u00f6tigte Instrument wird von der Musikgesellschaft zur Miete gestellt. Notenmaterial und andere Aufw\u00e4nde gehen zu Lasten der Eltern.<\/p>\n","protected":false},"excerpt":{"rendered":"<p>Ohne Jugend kann unsere Musikgesellschaft l\u00e4ngerfristig nicht \u00fcberleben. Deshalb sind wir st\u00e4ndig auf der Suche nach Nachwuchs. Wenn Sie oder Ihr Kind Interesse haben, ein Instrument zu erlernen, nehmen Sie doch bitte Kontakt mit unserem Pr\u00e4sidenten oder Jugendmusikverantwortlichen&nbsp; auf: Adrian &hellip; <a href=\"http:\/\/www.mg-stsilvester.ch\/?page_id=67\">Weiterlesen <span class=\"meta-nav\">&rarr;<\/span><\/a><\/p>\n","protected":false},"author":1,"featured_media":0,"parent":69,"menu_order":70,"comment_status":"open","ping_status":"closed","template":"","meta":{"footnotes":""},"class_list":["post-67","page","type-page","status-publish","hentry"],"_links":{"self":[{"href":"http:\/\/www.mg-stsilvester.ch\/index.php?rest_route=\/wp\/v2\/pages\/67","targetHints":{"allow":["GET"]}}],"collection":[{"href":"http:\/\/www.mg-stsilvester.ch\/index.php?rest_route=\/wp\/v2\/pages"}],"about":[{"href":"http:\/\/www.mg-stsilvester.ch\/index.php?rest_route=\/wp\/v2\/types\/page"}],"author":[{"embeddable":true,"href":"http:\/\/www.mg-stsilvester.ch\/index.php?rest_route=\/wp\/v2\/users\/1"}],"replies":[{"embeddable":true,"href":"http:\/\/www.mg-stsilvester.ch\/index.php?rest_route=%2Fwp%2Fv2%2Fcomments&post=67"}],"version-history":[{"count":15,"href":"http:\/\/www.mg-stsilvester.ch\/index.php?rest_route=\/wp\/v2\/pages\/67\/revisions"}],"predecessor-version":[{"id":840,"href":"http:\/\/www.mg-stsilvester.ch\/index.php?rest_route=\/wp\/v2\/pages\/67\/revisions\/840"}],"up":[{"embeddable":true,"href":"http:\/\/www.mg-stsilvester.ch\/index.php?rest_route=\/wp\/v2\/pages\/69"}],"wp:attachment":[{"href":"http:\/\/www.mg-stsilvester.ch\/index.php?rest_route=%2Fwp%2Fv2%2Fmedia&parent=67"}],"curies":[{"name":"wp","href":"https:\/\/api.w.org\/{rel}","templated":true}]}}

<p>Ohne Jugend kann unsere Musikgesellschaft längerfristig nicht überleben. Deshalb sind wir ständig auf der Suche nach Nachwuchs.</p>
<p>Wenn Sie oder Ihr Kind Interesse haben, ein Instrument zu erlernen, nehmen Sie doch bitte Kontakt mit unserem Präsidenten oder Jugendmusikverantwortlichen&nbsp; auf:</p>
<p>Adrian Vonlanthen, Tel:&nbsp; 079 / 377 58 26</p>
<p>Simon Vonlanthen , Tel: 079 / 462 37 89</p>
<p>&nbsp;</p>
<p>Die Ausbildung beginnt nach Möglichkeit intern. Das heisst, das Kind wird von Aktivmitgliedern der Musikgesellschaft ausgebildet. Sobald genügend Können vorhanden ist, besteht die Möglichkeit, ans Konservatorium Freiburg zu wechseln.</p>
<p>Der Konsiunterricht findet in der Regel nicht in Freiburg statt. Je nach Instrument und Lehrer wird der Unterricht in verschiedenen Dörfern angeboten (z.B. OS Plaffeien).</p>
<p>Der Unterricht am Konsi ist in verschiedene Stufen unterteilt. Jeweils nach 3 Jahren erfolgt der Übertritt in die nächsthöhere Stufe. Dieser Übertritt erfolgt mittels einer Prüfung.</p>
<p>Nach ca. 1-2 Jahren Unterricht steht der Eintritt in die Jugendmusik und nach ca. 3-4 Jahren in die Musikgesellschaft an.</p>
<p>Das benötigte Instrument wird von der Musikgesellschaft zur Miete gestellt. Notenmaterial und andere Aufwände gehen zu Lasten der Eltern.</p>

<p>Ohne Jugend kann unsere Musikgesellschaft längerfristig nicht überleben. Deshalb sind wir ständig auf der Suche nach Nachwuchs. Wenn Sie oder Ihr Kind Interesse haben, ein Instrument zu erlernen, nehmen Sie doch bitte Kontakt mit unserem Präsidenten oder Jugendmusikverantwortlichen&nbsp; auf: Adrian &hellip; <a href="http://www.mg-stsilvester.ch/?page_id=67">Weiterlesen <span class="meta-nav">&rarr;</span></a></p>
