{"id":169,"date":"2011-09-03T10:10:25","date_gmt":"2011-09-03T10:10:25","guid":{"rendered":"http:\/\/mg-stsilvester.lexe.ch\/?page_id=169"},"modified":"2011-09-03T10:10:36","modified_gmt":"2011-09-03T10:10:36","slug":"geschichte","status":"publish","type":"page","link":"https:\/\/www.mg-stsilvester.ch\/?page_id=169","title":{"rendered":"Geschichte"},"content":{"rendered":"<p>Eine Fotografie beweist, dass bereits ums Jahr 1912 eine Musikgesellschaft bestanden hat. Das Bestehen dieses Vereins war jedoch nur von kurzer Dauer.<\/p>\n<p>Am 14. Juni 1959 versammelten sich in der Wirtschaft von St. Silvester eine ansehnliche Anzahl j\u00fcngerer M\u00e4nner und Burschen zwecks Gr\u00fcndung einer Musikgesellschaft. Bereits am 14. konnte man unter der Leitung der Gebr\u00fcder Marius und Erwin Neuhaus mit Proben beginnen. 1960 erfolgte dann die Aufnahme als 14. Sektion im Bezirks und 1961 als 88. Sektion im Kantonalverband.<\/p>\n<p>Die erste Uniform erh\u00e4lt der junge Verein 1962, es war die alte Uniform der Musikgesellschaft Lommiswil SO. Die erste Vereinsfahne wurde am 2. Mai 1965 geweiht. Die neue Fahne konnte bereits einen Monat sp\u00e4ter voller Stolz am kantonalen Musikfest in Bulle pr\u00e4sentiert werden, es war dies die erste Teilnahme der Musikgesellschaft an einem Kantonalfest.<\/p>\n<p>Nach rund 5 Jahren war auch schon der erste &#8222;Tapetenwechsel&#8220; f\u00e4llig. Die Musikgesellschaft schaffte eine neue Uniform an. Die Musikanten und Musikantinnen wurde 1967 mit dieser neu eingekleidet. In den darauf folgenden Jahre nahm die Musikgesellschaft St. Silvester regelm\u00e4ssig an den verschiedenen Oberl\u00e4nder-, Berzirks- und Kantonalmusikfesten teil.<\/p>\n<p>Ein weiterer H\u00f6hepunkt des Vereins war die im Jahr 1984 neue erworbene Uniform. Damals wurde die heute bekannte Uniform angeschafft. 1987 nur drei Jahre sp\u00e4ter durfte ebenfalls eine neue Vereinsfahne eingeweiht werden.<\/p>\n<p>Ein Glanzpunkt der Musikgesellschaft war die Teilnahme am kantonalen Musikfest in Estavayer-le-Lac 2000. Dort konnte sie in ihrer Kategorie den ersten Rang erreichen. Ebenfalls ein ausgezeichnetes Resultat konnte ein Jahr sp\u00e4ter am eidgen\u00f6ssischen Musikfest in Freiburg erzielt werden.<\/p>\n<p>Am 29. M\u00e4rz 2008 konnte die 4. Uniform der Vereinsgeschichte eingeweiht werden. Die Musikanten und Musikantinnen erscheinen neu in einer eleganten, anzugs\u00e4hnlichen, schwarz-roten Uniform.<\/p>\n<p>Alt und Jung musizieren zusammen; so kommt unser Verein heute auf ca. 40 Mitglieder.<\/p>\n<p>Bereits im Musikjahr 2007\/2008 traten wir an Jahreskonzerten und Musikfesten gemeinsam mit der Musikgesellschaft Frohsinn Rechthalten auf. Auch f\u00fcr das kommende Jahr ist wieder eine Zusammenarbeit vorgesehen. Dieses Zusammenspiel stellt keine Fusion dar, sondern es bleiben beide Musikgesellschaften autonom.<\/p>\n<p>Im Jahre 2009 konnte das 50-Jahr-Jubil\u00e4um gefeiert werden.<\/p>\n<p>Im Jahr 2010 stand wiederum die Teilnahme an einem Kantonalen Musikfest an. Diesmal in Ch\u00e2tel-St-Denis und zusammen mit der MG Frohsinn Rechthalten.<\/p>\n","protected":false},"excerpt":{"rendered":"<p>Eine Fotografie beweist, dass bereits ums Jahr 1912 eine Musikgesellschaft bestanden hat. Das Bestehen dieses Vereins war jedoch nur von kurzer Dauer. Am 14. Juni 1959 versammelten sich in der Wirtschaft von St. Silvester eine ansehnliche Anzahl j\u00fcngerer M\u00e4nner und &hellip; <a href=\"https:\/\/www.mg-stsilvester.ch\/?page_id=169\">Weiterlesen <span class=\"meta-nav\">&rarr;<\/span><\/a><\/p>\n","protected":false},"author":1,"featured_media":0,"parent":26,"menu_order":51,"comment_status":"open","ping_status":"open","template":"","meta":{"footnotes":""},"class_list":["post-169","page","type-page","status-publish","hentry"],"_links":{"self":[{"href":"https:\/\/www.mg-stsilvester.ch\/index.php?rest_route=\/wp\/v2\/pages\/169","targetHints":{"allow":["GET"]}}],"collection":[{"href":"https:\/\/www.mg-stsilvester.ch\/index.php?rest_route=\/wp\/v2\/pages"}],"about":[{"href":"https:\/\/www.mg-stsilvester.ch\/index.php?rest_route=\/wp\/v2\/types\/page"}],"author":[{"embeddable":true,"href":"https:\/\/www.mg-stsilvester.ch\/index.php?rest_route=\/wp\/v2\/users\/1"}],"replies":[{"embeddable":true,"href":"https:\/\/www.mg-stsilvester.ch\/index.php?rest_route=%2Fwp%2Fv2%2Fcomments&post=169"}],"version-history":[{"count":2,"href":"https:\/\/www.mg-stsilvester.ch\/index.php?rest_route=\/wp\/v2\/pages\/169\/revisions"}],"predecessor-version":[{"id":171,"href":"https:\/\/www.mg-stsilvester.ch\/index.php?rest_route=\/wp\/v2\/pages\/169\/revisions\/171"}],"up":[{"embeddable":true,"href":"https:\/\/www.mg-stsilvester.ch\/index.php?rest_route=\/wp\/v2\/pages\/26"}],"wp:attachment":[{"href":"https:\/\/www.mg-stsilvester.ch\/index.php?rest_route=%2Fwp%2Fv2%2Fmedia&parent=169"}],"curies":[{"name":"wp","href":"https:\/\/api.w.org\/{rel}","templated":true}]}}

<p>Eine Fotografie beweist, dass bereits ums Jahr 1912 eine Musikgesellschaft bestanden hat. Das Bestehen dieses Vereins war jedoch nur von kurzer Dauer.</p>
<p>Am 14. Juni 1959 versammelten sich in der Wirtschaft von St. Silvester eine ansehnliche Anzahl jüngerer Männer und Burschen zwecks Gründung einer Musikgesellschaft. Bereits am 14. konnte man unter der Leitung der Gebrüder Marius und Erwin Neuhaus mit Proben beginnen. 1960 erfolgte dann die Aufnahme als 14. Sektion im Bezirks und 1961 als 88. Sektion im Kantonalverband.</p>
<p>Die erste Uniform erhält der junge Verein 1962, es war die alte Uniform der Musikgesellschaft Lommiswil SO. Die erste Vereinsfahne wurde am 2. Mai 1965 geweiht. Die neue Fahne konnte bereits einen Monat später voller Stolz am kantonalen Musikfest in Bulle präsentiert werden, es war dies die erste Teilnahme der Musikgesellschaft an einem Kantonalfest.</p>
<p>Nach rund 5 Jahren war auch schon der erste &#8222;Tapetenwechsel&#8220; fällig. Die Musikgesellschaft schaffte eine neue Uniform an. Die Musikanten und Musikantinnen wurde 1967 mit dieser neu eingekleidet. In den darauf folgenden Jahre nahm die Musikgesellschaft St. Silvester regelmässig an den verschiedenen Oberländer-, Berzirks- und Kantonalmusikfesten teil.</p>
<p>Ein weiterer Höhepunkt des Vereins war die im Jahr 1984 neue erworbene Uniform. Damals wurde die heute bekannte Uniform angeschafft. 1987 nur drei Jahre später durfte ebenfalls eine neue Vereinsfahne eingeweiht werden.</p>
<p>Ein Glanzpunkt der Musikgesellschaft war die Teilnahme am kantonalen Musikfest in Estavayer-le-Lac 2000. Dort konnte sie in ihrer Kategorie den ersten Rang erreichen. Ebenfalls ein ausgezeichnetes Resultat konnte ein Jahr später am eidgenössischen Musikfest in Freiburg erzielt werden.</p>
<p>Am 29. März 2008 konnte die 4. Uniform der Vereinsgeschichte eingeweiht werden. Die Musikanten und Musikantinnen erscheinen neu in einer eleganten, anzugsähnlichen, schwarz-roten Uniform.</p>
<p>Alt und Jung musizieren zusammen; so kommt unser Verein heute auf ca. 40 Mitglieder.</p>
<p>Bereits im Musikjahr 2007/2008 traten wir an Jahreskonzerten und Musikfesten gemeinsam mit der Musikgesellschaft Frohsinn Rechthalten auf. Auch für das kommende Jahr ist wieder eine Zusammenarbeit vorgesehen. Dieses Zusammenspiel stellt keine Fusion dar, sondern es bleiben beide Musikgesellschaften autonom.</p>
<p>Im Jahre 2009 konnte das 50-Jahr-Jubiläum gefeiert werden.</p>
<p>Im Jahr 2010 stand wiederum die Teilnahme an einem Kantonalen Musikfest an. Diesmal in Châtel-St-Denis und zusammen mit der MG Frohsinn Rechthalten.</p>

<p>Eine Fotografie beweist, dass bereits ums Jahr 1912 eine Musikgesellschaft bestanden hat. Das Bestehen dieses Vereins war jedoch nur von kurzer Dauer. Am 14. Juni 1959 versammelten sich in der Wirtschaft von St. Silvester eine ansehnliche Anzahl jüngerer Männer und &hellip; <a href="https://www.mg-stsilvester.ch/?page_id=169">Weiterlesen <span class="meta-nav">&rarr;</span></a></p>
